{"id":138,"date":"2015-10-22T15:31:54","date_gmt":"2015-10-22T15:31:54","guid":{"rendered":"http:\/\/test.kriesi.at\/construction\/?page_id=138"},"modified":"2024-09-25T00:17:02","modified_gmt":"2024-09-24T21:17:02","slug":"cagsan-kamu-tuzlar-hastane-tablet-tuz","status":"publish","type":"page","link":"https:\/\/cagsangrup.com\/index.php\/service\/cagsan-kamu-tuzlar-hastane-tablet-tuz\/","title":{"rendered":"Kamu Kurumlar\u0131 ve Hastaneler"},"content":{"rendered":"<div  class='avia-slideshow av-epmgq-a72a365e6e949b27e66e412a2336b576 avia-slideshow-featured_large av_slideshow avia-fade-slider  avia-builder-el-0  el_before_av_one_full  avia-builder-el-first  av-slideshow-ui av-control-hidden av-no-slider-navigation av-hide-nav-arrows av-slideshow-autoplay av-loop-endless av-loop-manual-endless av-default-height-applied avia-slideshow-1' data-slideshow-options=\"{&quot;animation&quot;:&quot;fade&quot;,&quot;autoplay&quot;:true,&quot;loop_autoplay&quot;:&quot;endless&quot;,&quot;interval&quot;:5,&quot;loop_manual&quot;:&quot;manual-endless&quot;,&quot;autoplay_stopper&quot;:false,&quot;noNavigation&quot;:true,&quot;bg_slider&quot;:false,&quot;keep_padding&quot;:false,&quot;hoverpause&quot;:false,&quot;show_slide_delay&quot;:0}\"  itemprop=\"image\" itemscope=\"itemscope\" itemtype=\"https:\/\/schema.org\/ImageObject\" ><ul class='avia-slideshow-inner ' style='padding-bottom: 56%;'><li  class='avia-slideshow-slide av-epmgq-a72a365e6e949b27e66e412a2336b576__0  av-single-slide slide-1 slide-odd'><div data-rel='slideshow-1' class='avia-slide-wrap '   ><img decoding=\"async\" fetchpriority=\"high\" class=\"wp-image-541 avia-img-lazy-loading-not-541\"  src=\"https:\/\/cagsangrup.com\/wp-content\/uploads\/2024\/09\/images-1.jpeg\" width=\"300\" height=\"168\" title='images (1)' alt=''  itemprop=\"thumbnailUrl\"   \/><\/div><\/li><\/ul><\/div>\n\n<style type=\"text\/css\" data-created_by=\"avia_inline_auto\" id=\"style-css-av-3g0egy-b0814ebc1d4487ffd56f1802cf1cd69d\">\n#top .flex_column.av-3g0egy-b0814ebc1d4487ffd56f1802cf1cd69d{\nmargin-top:0px;\nmargin-bottom:0px;\n}\n.flex_column.av-3g0egy-b0814ebc1d4487ffd56f1802cf1cd69d{\nborder-radius:0px 0px 0px 0px;\npadding:0px 0px 0px 0px;\n}\n.responsive #top #wrap_all .flex_column.av-3g0egy-b0814ebc1d4487ffd56f1802cf1cd69d{\nmargin-top:0px;\nmargin-bottom:0px;\n}\n<\/style>\n<div  class='flex_column av-3g0egy-b0814ebc1d4487ffd56f1802cf1cd69d av_one_full  avia-builder-el-1  el_after_av_slideshow  el_before_av_one_half  first flex_column_div av-animated-generic bottom-to-top av-zero-column-padding  '     ><p>\n<style type=\"text\/css\" data-created_by=\"avia_inline_auto\" id=\"style-css-av-36ln96-0bfe547b1e0c95b1947b8646b5a19152\">\n#top .av-special-heading.av-36ln96-0bfe547b1e0c95b1947b8646b5a19152{\npadding-bottom:0;\n}\nbody .av-special-heading.av-36ln96-0bfe547b1e0c95b1947b8646b5a19152 .av-special-heading-tag .heading-char{\nfont-size:25px;\n}\n.av-special-heading.av-36ln96-0bfe547b1e0c95b1947b8646b5a19152 .av-subheading{\nfont-size:15px;\n}\n<\/style>\n<div  class='av-special-heading av-36ln96-0bfe547b1e0c95b1947b8646b5a19152 av-special-heading-h2 blockquote modern-quote  avia-builder-el-2  el_before_av_hr  avia-builder-el-first '><h2 class='av-special-heading-tag '  itemprop=\"headline\"  >Kamu Kurumlar\u0131 ve Hastaneler<\/h2><div class=\"special-heading-border\"><div class=\"special-heading-inner-border\"><\/div><\/div><\/div><br \/>\n\n<style type=\"text\/css\" data-created_by=\"avia_inline_auto\" id=\"style-css-av-34kjb6-7d647e28eaea64c4f2a93d53f85245c5\">\n#top .hr.av-34kjb6-7d647e28eaea64c4f2a93d53f85245c5{\nmargin-top:10px;\nmargin-bottom:10px;\n}\n.hr.av-34kjb6-7d647e28eaea64c4f2a93d53f85245c5 .hr-inner{\nwidth:50px;\nborder-color:#b02b2c;\n}\n<\/style>\n<div  class='hr av-34kjb6-7d647e28eaea64c4f2a93d53f85245c5 hr-custom  avia-builder-el-3  el_after_av_heading  avia-builder-el-last  hr-left hr-icon-no'><span class='hr-inner inner-border-av-border-fat'><span class=\"hr-inner-style\"><\/span><\/span><\/div><\/p><\/div>\n<style type=\"text\/css\" data-created_by=\"avia_inline_auto\" id=\"style-css-av-2xx8ca-c773d74118da6119445554cfdffe88ed\">\n#top .flex_column.av-2xx8ca-c773d74118da6119445554cfdffe88ed{\nmargin-top:0px;\nmargin-bottom:0px;\n}\n.flex_column.av-2xx8ca-c773d74118da6119445554cfdffe88ed{\nborder-radius:0px 0px 0px 0px;\npadding:0px 0px 0px 0px;\n}\n.responsive #top #wrap_all .flex_column.av-2xx8ca-c773d74118da6119445554cfdffe88ed{\nmargin-top:0px;\nmargin-bottom:0px;\n}\n<\/style>\n<div  class='flex_column av-2xx8ca-c773d74118da6119445554cfdffe88ed av_one_half  avia-builder-el-4  el_after_av_one_full  el_before_av_one_half  first flex_column_div av-animated-generic bottom-to-top av-zero-column-padding  column-top-margin'     ><section  class='av_textblock_section av-2rtu6y-e14f5693235acf7498cbb7afec179c49 '   itemscope=\"itemscope\" itemtype=\"https:\/\/schema.org\/CreativeWork\" ><div class='avia_textblock'  itemprop=\"text\" ><p>Hastanelerde kullan\u0131lan Tablet Tuzlar\u2019dan, kamu kurumlar\u0131n\u0131n kulland\u0131\u011f\u0131 yol tuzlar\u0131na kadar geni\u015f bir \u00fcr\u00fcn yelpazesine sahip \u00c7a\u011fsan Grup, hem kamu hem de sa\u011fl\u0131k alan\u0131nda \u00e7\u00f6z\u00fcm orta\u011f\u0131 olmaktad\u0131r.<\/p>\n<\/div><\/section><\/div>\n<style type=\"text\/css\" data-created_by=\"avia_inline_auto\" id=\"style-css-av-2ifieq-18154cd4788d64beb425f1d1dabc0df3\">\n#top .flex_column.av-2ifieq-18154cd4788d64beb425f1d1dabc0df3{\nmargin-top:0px;\nmargin-bottom:0px;\n}\n.flex_column.av-2ifieq-18154cd4788d64beb425f1d1dabc0df3{\nborder-radius:0px 0px 0px 0px;\npadding:0px 0px 0px 0px;\n}\n.responsive #top #wrap_all .flex_column.av-2ifieq-18154cd4788d64beb425f1d1dabc0df3{\nmargin-top:0px;\nmargin-bottom:0px;\n}\n<\/style>\n<div  class='flex_column av-2ifieq-18154cd4788d64beb425f1d1dabc0df3 av_one_half  avia-builder-el-6  el_after_av_one_half  el_before_av_one_half  flex_column_div av-animated-generic bottom-to-top av-zero-column-padding  column-top-margin'     ><section  class='av_textblock_section av-2cdze2-fe40e164ba5796013e7f5362fd8c81ee '   itemscope=\"itemscope\" itemtype=\"https:\/\/schema.org\/CreativeWork\" ><div class='avia_textblock'  itemprop=\"text\" ><p>Kamu ve hastaneler taraf\u0131nda bir \u00e7ok alanda tuz kullan\u0131m\u0131 yap\u0131lmaktad\u0131r. Bu alanda ihtiya\u00e7 duyulan t\u00fcm \u00fcr\u00fcnler, do\u011fru lojistik ve planlama ile \u00c7A\u011eSAN g\u00fcvencesinde \u00fcretilir.<\/p>\n<\/div><\/section><\/div>\n<style type=\"text\/css\" data-created_by=\"avia_inline_auto\" id=\"style-css-av-1fg6ci-e6c298ebe86b209377793c6d5c2c4b6e\">\n.flex_column.av-1fg6ci-e6c298ebe86b209377793c6d5c2c4b6e{\nborder-radius:0px 0px 0px 0px;\npadding:0px 0px 0px 0px;\n}\n<\/style>\n<div  class='flex_column av-1fg6ci-e6c298ebe86b209377793c6d5c2c4b6e av_one_half  avia-builder-el-8  el_after_av_one_half  el_before_av_one_half  first flex_column_div av-animated-generic bottom-to-top av-zero-column-padding  column-top-margin'     ><p>\n<style type=\"text\/css\" data-created_by=\"avia_inline_auto\" id=\"style-css-av-17ug6i-ef0d39c2807c42ae595f40b1f9f31da5\">\n#top .av-special-heading.av-17ug6i-ef0d39c2807c42ae595f40b1f9f31da5{\npadding-bottom:0;\n}\nbody .av-special-heading.av-17ug6i-ef0d39c2807c42ae595f40b1f9f31da5 .av-special-heading-tag .heading-char{\nfont-size:25px;\n}\n.av-special-heading.av-17ug6i-ef0d39c2807c42ae595f40b1f9f31da5 .av-subheading{\nfont-size:15px;\n}\n<\/style>\n<div  class='av-special-heading av-17ug6i-ef0d39c2807c42ae595f40b1f9f31da5 av-special-heading-h2 blockquote modern-quote  avia-builder-el-9  el_before_av_hr  avia-builder-el-first '><h2 class='av-special-heading-tag '  itemprop=\"headline\"  >Tuz Tabletleri<\/h2><div class=\"special-heading-border\"><div class=\"special-heading-inner-border\"><\/div><\/div><\/div><br \/>\n\n<style type=\"text\/css\" data-created_by=\"avia_inline_auto\" id=\"style-css-av-14ohk2-f702e95119259732397c5a2192617f91\">\n#top .hr.av-14ohk2-f702e95119259732397c5a2192617f91{\nmargin-top:10px;\nmargin-bottom:10px;\n}\n.hr.av-14ohk2-f702e95119259732397c5a2192617f91 .hr-inner{\nwidth:50px;\nborder-color:#b02b2c;\n}\n<\/style>\n<div  class='hr av-14ohk2-f702e95119259732397c5a2192617f91 hr-custom  avia-builder-el-10  el_after_av_heading  el_before_av_textblock  hr-left hr-icon-no'><span class='hr-inner inner-border-av-border-fat'><span class=\"hr-inner-style\"><\/span><\/span><\/div><br \/>\n<section  class='av_textblock_section av-z5s0a-d7b8f35fc8df7a37c83b8bf71f23829c '   itemscope=\"itemscope\" itemtype=\"https:\/\/schema.org\/CreativeWork\" ><div class='avia_textblock'  itemprop=\"text\" ><p>Hastanelerde suyun stabilizasyonu i\u00e7in tablet tuzlar kullan\u0131l\u0131r. Bir \u00e7ok hastane ile \u00e7al\u0131\u015fma yapan \u00c7A\u011eSAN Group ile hem g\u00fcvenli ve do\u011fru \u00fcr\u00fcne ula\u015f\u0131n hem de bu s\u00fcrecin aksamadan devam etti\u011finden emin olun.<\/p>\n<\/div><\/section><\/p><\/div>\n<style type=\"text\/css\" data-created_by=\"avia_inline_auto\" id=\"style-css-av-onqfu-9e7a99b744cc1f11e5613da784ff9279\">\n.flex_column.av-onqfu-9e7a99b744cc1f11e5613da784ff9279{\nborder-radius:0px 0px 0px 0px;\npadding:0px 0px 0px 0px;\n}\n<\/style>\n<div  class='flex_column av-onqfu-9e7a99b744cc1f11e5613da784ff9279 av_one_half  avia-builder-el-12  el_after_av_one_half  el_before_av_one_half  flex_column_div av-animated-generic bottom-to-top av-zero-column-padding  column-top-margin'     ><style type=\"text\/css\" data-created_by=\"avia_inline_auto\" id=\"style-css-av-l3ywi-11733f641fd0d979ca9ec51edd212640\">\n.avia-image-container.av-l3ywi-11733f641fd0d979ca9ec51edd212640 img.avia_image{\nbox-shadow:none;\n}\n.avia-image-container.av-l3ywi-11733f641fd0d979ca9ec51edd212640 .av-image-caption-overlay-center{\ncolor:#ffffff;\n}\n<\/style>\n<div  class='avia-image-container av-l3ywi-11733f641fd0d979ca9ec51edd212640 av-styling-no-styling avia-align-center  avia-builder-el-13  avia-builder-el-no-sibling '   itemprop=\"image\" itemscope=\"itemscope\" itemtype=\"https:\/\/schema.org\/ImageObject\" ><div class=\"avia-image-container-inner\"><div class=\"avia-image-overlay-wrap\"><img decoding=\"async\" fetchpriority=\"high\" class='wp-image-536 avia-img-lazy-loading-not-536 avia_image ' src=\"https:\/\/cagsangrup.com\/wp-content\/uploads\/2024\/09\/images.jpeg\" alt='' title='images'  height=\"180\" width=\"280\"  itemprop=\"thumbnailUrl\"  \/><\/div><\/div><\/div><\/div>\n<style type=\"text\/css\" data-created_by=\"avia_inline_auto\" id=\"style-css-av-d8282-7266336441ee45e9badadaea50dc66c6\">\n.flex_column.av-d8282-7266336441ee45e9badadaea50dc66c6{\nborder-radius:0px 0px 0px 0px;\npadding:0px 0px 0px 0px;\n}\n<\/style>\n<div  class='flex_column av-d8282-7266336441ee45e9badadaea50dc66c6 av_one_half  avia-builder-el-14  el_after_av_one_half  el_before_av_one_half  first flex_column_div av-animated-generic bottom-to-top av-zero-column-padding  column-top-margin'     ><style type=\"text\/css\" data-created_by=\"avia_inline_auto\" id=\"style-css-av-m1gxdsas-b69b111988561f79acedacb8074bfe2b\">\n.avia-image-container.av-m1gxdsas-b69b111988561f79acedacb8074bfe2b img.avia_image{\nbox-shadow:none;\n}\n.avia-image-container.av-m1gxdsas-b69b111988561f79acedacb8074bfe2b .av-image-caption-overlay-center{\ncolor:#ffffff;\n}\n<\/style>\n<div  class='avia-image-container av-m1gxdsas-b69b111988561f79acedacb8074bfe2b av-styling-no-styling avia-align-center  avia-builder-el-15  avia-builder-el-no-sibling '   itemprop=\"image\" itemscope=\"itemscope\" itemtype=\"https:\/\/schema.org\/ImageObject\" ><div class=\"avia-image-container-inner\"><div class=\"avia-image-overlay-wrap\"><img decoding=\"async\" fetchpriority=\"high\" class='wp-image-539 avia-img-lazy-loading-not-539 avia_image ' src=\"https:\/\/cagsangrup.com\/wp-content\/uploads\/2024\/09\/650x366_10281819_road-salt-screenshot-300x169-1.jpg\" alt='' title='650x366_10281819_road-salt-screenshot-300x169'  height=\"169\" width=\"300\"  itemprop=\"thumbnailUrl\"  \/><\/div><\/div><\/div><\/div>\n<style type=\"text\/css\" data-created_by=\"avia_inline_auto\" id=\"style-css-av-adiv6-b80cf330953f0eee8f3e6a90b5a350f8\">\n.flex_column.av-adiv6-b80cf330953f0eee8f3e6a90b5a350f8{\nborder-radius:0px 0px 0px 0px;\npadding:0px 0px 0px 0px;\n}\n<\/style>\n<div  class='flex_column av-adiv6-b80cf330953f0eee8f3e6a90b5a350f8 av_one_half  avia-builder-el-16  el_after_av_one_half  el_before_av_one_full  flex_column_div av-animated-generic bottom-to-top av-zero-column-padding  column-top-margin'     ><p>\n<style type=\"text\/css\" data-created_by=\"avia_inline_auto\" id=\"style-css-av-m1gx9ar8-909a1f2a0f6c62af3751096b6000b87e\">\n#top .av-special-heading.av-m1gx9ar8-909a1f2a0f6c62af3751096b6000b87e{\npadding-bottom:0;\n}\nbody .av-special-heading.av-m1gx9ar8-909a1f2a0f6c62af3751096b6000b87e .av-special-heading-tag .heading-char{\nfont-size:25px;\n}\n.av-special-heading.av-m1gx9ar8-909a1f2a0f6c62af3751096b6000b87e .av-subheading{\nfont-size:15px;\n}\n<\/style>\n<div  class='av-special-heading av-m1gx9ar8-909a1f2a0f6c62af3751096b6000b87e av-special-heading-h2 blockquote modern-quote  avia-builder-el-17  el_before_av_hr  avia-builder-el-first '><h2 class='av-special-heading-tag '  itemprop=\"headline\"  >Yol Tuzu<\/h2><div class=\"special-heading-border\"><div class=\"special-heading-inner-border\"><\/div><\/div><\/div><br \/>\n\n<style type=\"text\/css\" data-created_by=\"avia_inline_auto\" id=\"style-css-av-m1gxh8it-15d4ea0e8511e7cd586cf41ea9b4d525\">\n#top .hr.av-m1gxh8it-15d4ea0e8511e7cd586cf41ea9b4d525{\nmargin-top:10px;\nmargin-bottom:10px;\n}\n.hr.av-m1gxh8it-15d4ea0e8511e7cd586cf41ea9b4d525 .hr-inner{\nwidth:50px;\nborder-color:#b02b2c;\n}\n<\/style>\n<div  class='hr av-m1gxh8it-15d4ea0e8511e7cd586cf41ea9b4d525 hr-custom  avia-builder-el-18  el_after_av_heading  el_before_av_textblock  hr-left hr-icon-no'><span class='hr-inner inner-border-av-border-fat'><span class=\"hr-inner-style\"><\/span><\/span><\/div><br \/>\n<section  class='av_textblock_section av-m1gxbxvi-25b6bde31a55a787ba2191f87905ddeb '   itemscope=\"itemscope\" itemtype=\"https:\/\/schema.org\/CreativeWork\" ><div class='avia_textblock'  itemprop=\"text\" ><p>Valilik, \u0130l \u00d6zel \u0130dareler, Belediyeler ve di\u011fer kamu kurumlar\u0131 \u00f6zellikle k\u0131\u015f aylar\u0131na haz\u0131rl\u0131k olarak yol tuzlar\u0131n\u0131 s\u00fcrekli depolar\u0131nda haz\u0131r bulundururlar.<\/p>\n<p>Yollarda donmay\u0131 \u00f6nlemek i\u00e7in kullan\u0131lan tuzlar\u0131, \u00c7A\u011eSAN Group g\u00fcvencesi ile tedarik edebilirsiniz.<\/p>\n<\/div><\/section><\/p><\/div>\n<style type=\"text\/css\" data-created_by=\"avia_inline_auto\" id=\"style-css-av-fy4be-836664d96bb8fada014f38116d8a6c2e\">\n.flex_column.av-fy4be-836664d96bb8fada014f38116d8a6c2e{\nborder-width:1px;\nborder-color:#e1e1e1;\nborder-style:solid;\nborder-radius:0px 0px 0px 0px;\npadding:20px 20px 20px 20px;\nbackground-color:#fcfcfc;\n}\n<\/style>\n<div  class='flex_column av-fy4be-836664d96bb8fada014f38116d8a6c2e av_one_full  avia-builder-el-20  el_after_av_one_half  avia-builder-el-last  first flex_column_div av-animated-generic bottom-to-top  column-top-margin'     ><section  class='av_textblock_section av-7zdsa-e19cd4b90420c3d1cecbd0acb3833d80 '   itemscope=\"itemscope\" itemtype=\"https:\/\/schema.org\/CreativeWork\" ><div class='avia_textblock'  itemprop=\"text\" ><p>Ya\u015fam\u0131n sa\u011fl\u0131kl\u0131 devam etmesi ve toplum d\u00fczeninin bozulmamas\u0131 i\u00e7in kamu ve hastanelerin ihtiyac\u0131 olan tuz ve t\u00fcrevi \u00fcr\u00fcnlerde \u00c7A\u011eSAN olarak g\u00f6revimizin bilincindeyiz. Bundan dolay\u0131 en do\u011fru \u00fcr\u00fcn\u00fc \u00fcretmekteyiz.<\/p>\n<\/div><\/section><\/div><\/p>\n","protected":false},"excerpt":{"rendered":"","protected":false},"author":1,"featured_media":0,"parent":25,"menu_order":0,"comment_status":"closed","ping_status":"closed","template":"","meta":{"footnotes":""},"class_list":["post-138","page","type-page","status-publish","hentry"],"_links":{"self":[{"href":"https:\/\/cagsangrup.com\/index.php\/wp-json\/wp\/v2\/pages\/138","targetHints":{"allow":["GET"]}}],"collection":[{"href":"https:\/\/cagsangrup.com\/index.php\/wp-json\/wp\/v2\/pages"}],"about":[{"href":"https:\/\/cagsangrup.com\/index.php\/wp-json\/wp\/v2\/types\/page"}],"author":[{"embeddable":true,"href":"https:\/\/cagsangrup.com\/index.php\/wp-json\/wp\/v2\/users\/1"}],"replies":[{"embeddable":true,"href":"https:\/\/cagsangrup.com\/index.php\/wp-json\/wp\/v2\/comments?post=138"}],"version-history":[{"count":6,"href":"https:\/\/cagsangrup.com\/index.php\/wp-json\/wp\/v2\/pages\/138\/revisions"}],"predecessor-version":[{"id":550,"href":"https:\/\/cagsangrup.com\/index.php\/wp-json\/wp\/v2\/pages\/138\/revisions\/550"}],"up":[{"embeddable":true,"href":"https:\/\/cagsangrup.com\/index.php\/wp-json\/wp\/v2\/pages\/25"}],"wp:attachment":[{"href":"https:\/\/cagsangrup.com\/index.php\/wp-json\/wp\/v2\/media?parent=138"}],"curies":[{"name":"wp","href":"https:\/\/api.w.org\/{rel}","templated":true}]}}