{"id":142,"date":"2015-10-22T15:32:34","date_gmt":"2015-10-22T15:32:34","guid":{"rendered":"http:\/\/test.kriesi.at\/construction\/?page_id=142"},"modified":"2024-09-25T00:56:10","modified_gmt":"2024-09-24T21:56:10","slug":"cagsan-tuz-fason-uretim-tuz-ozel-etiket","status":"publish","type":"page","link":"https:\/\/cagsangrup.com\/index.php\/service\/cagsan-tuz-fason-uretim-tuz-ozel-etiket\/","title":{"rendered":"Fason \u00dcretim, \u00d6zel Etiket"},"content":{"rendered":"<div  class='avia-slideshow av-327icu-09127b0db56ac008d8fd9347ba868e95 avia-slideshow-featured_large av_slideshow avia-fade-slider  avia-builder-el-0  el_before_av_one_full  avia-builder-el-first  av-slideshow-ui av-control-hidden av-no-slider-navigation av-hide-nav-arrows av-slideshow-autoplay av-loop-endless av-loop-manual-endless av-default-height-applied avia-slideshow-1' data-slideshow-options=\"{&quot;animation&quot;:&quot;fade&quot;,&quot;autoplay&quot;:true,&quot;loop_autoplay&quot;:&quot;endless&quot;,&quot;interval&quot;:5,&quot;loop_manual&quot;:&quot;manual-endless&quot;,&quot;autoplay_stopper&quot;:false,&quot;noNavigation&quot;:true,&quot;bg_slider&quot;:false,&quot;keep_padding&quot;:false,&quot;hoverpause&quot;:false,&quot;show_slide_delay&quot;:0}\"  itemprop=\"image\" itemscope=\"itemscope\" itemtype=\"https:\/\/schema.org\/ImageObject\" ><ul class='avia-slideshow-inner ' style='padding-bottom: 66.613418530351%;'><li  class='avia-slideshow-slide av-327icu-09127b0db56ac008d8fd9347ba868e95__0  av-single-slide slide-1 slide-odd'><div data-rel='slideshow-1' class='avia-slide-wrap '   ><img decoding=\"async\" fetchpriority=\"high\" class=\"wp-image-578 avia-img-lazy-loading-not-578\"  src=\"https:\/\/cagsangrup.com\/wp-content\/uploads\/2024\/09\/dolum01.jpg\" width=\"626\" height=\"417\" title='dolum01' alt=''  itemprop=\"thumbnailUrl\" srcset=\"https:\/\/cagsangrup.com\/wp-content\/uploads\/2024\/09\/dolum01.jpg 626w, https:\/\/cagsangrup.com\/wp-content\/uploads\/2024\/09\/dolum01-300x200.jpg 300w\" sizes=\"(max-width: 626px) 100vw, 626px\" \/><\/div><\/li><\/ul><\/div>\n\n<style type=\"text\/css\" data-created_by=\"avia_inline_auto\" id=\"style-css-av-2ibjny-5df5aca70fa79a9f8cbf4581c62d84a8\">\n#top .flex_column.av-2ibjny-5df5aca70fa79a9f8cbf4581c62d84a8{\nmargin-top:0px;\nmargin-bottom:0px;\n}\n.flex_column.av-2ibjny-5df5aca70fa79a9f8cbf4581c62d84a8{\nborder-radius:0px 0px 0px 0px;\npadding:0px 0px 0px 0px;\n}\n.responsive #top #wrap_all .flex_column.av-2ibjny-5df5aca70fa79a9f8cbf4581c62d84a8{\nmargin-top:0px;\nmargin-bottom:0px;\n}\n<\/style>\n<div  class='flex_column av-2ibjny-5df5aca70fa79a9f8cbf4581c62d84a8 av_one_full  avia-builder-el-1  el_after_av_slideshow  el_before_av_one_half  first flex_column_div av-animated-generic bottom-to-top av-zero-column-padding  '     ><p>\n<style type=\"text\/css\" data-created_by=\"avia_inline_auto\" id=\"style-css-av-8nkxi-b99133de6fd618c129a63ee38701ac1d\">\n#top .av-special-heading.av-8nkxi-b99133de6fd618c129a63ee38701ac1d{\npadding-bottom:0;\n}\nbody .av-special-heading.av-8nkxi-b99133de6fd618c129a63ee38701ac1d .av-special-heading-tag .heading-char{\nfont-size:25px;\n}\n.av-special-heading.av-8nkxi-b99133de6fd618c129a63ee38701ac1d .av-subheading{\nfont-size:15px;\n}\n<\/style>\n<div  class='av-special-heading av-8nkxi-b99133de6fd618c129a63ee38701ac1d av-special-heading-h2 blockquote modern-quote  avia-builder-el-2  el_before_av_hr  avia-builder-el-first '><h2 class='av-special-heading-tag '  itemprop=\"headline\"  >Fason \u00dcretim ve \u00d6zel Etiket ile Markan\u0131za \u00d6zel \u00dcretim<\/h2><div class=\"special-heading-border\"><div class=\"special-heading-inner-border\"><\/div><\/div><\/div><br \/>\n\n<style type=\"text\/css\" data-created_by=\"avia_inline_auto\" id=\"style-css-av-80ouu-7483d5a090b881af68d9cd42adda068d\">\n#top .hr.av-80ouu-7483d5a090b881af68d9cd42adda068d{\nmargin-top:10px;\nmargin-bottom:10px;\n}\n.hr.av-80ouu-7483d5a090b881af68d9cd42adda068d .hr-inner{\nwidth:50px;\nborder-color:#b02b2c;\n}\n<\/style>\n<div  class='hr av-80ouu-7483d5a090b881af68d9cd42adda068d hr-custom  avia-builder-el-3  el_after_av_heading  avia-builder-el-last  hr-left hr-icon-no'><span class='hr-inner inner-border-av-border-fat'><span class=\"hr-inner-style\"><\/span><\/span><\/div><\/p><\/div>\n<style type=\"text\/css\" data-created_by=\"avia_inline_auto\" id=\"style-css-av-217f3y-505ac29cd5d3742b57f1a6522e93c8fe\">\n#top .flex_column.av-217f3y-505ac29cd5d3742b57f1a6522e93c8fe{\nmargin-top:0px;\nmargin-bottom:0px;\n}\n.flex_column.av-217f3y-505ac29cd5d3742b57f1a6522e93c8fe{\nborder-radius:0px 0px 0px 0px;\npadding:0px 0px 0px 0px;\n}\n.responsive #top #wrap_all .flex_column.av-217f3y-505ac29cd5d3742b57f1a6522e93c8fe{\nmargin-top:0px;\nmargin-bottom:0px;\n}\n<\/style>\n<div  class='flex_column av-217f3y-505ac29cd5d3742b57f1a6522e93c8fe av_one_half  avia-builder-el-4  el_after_av_one_full  el_before_av_one_half  first flex_column_div av-animated-generic bottom-to-top av-zero-column-padding  column-top-margin'     ><section  class='av_textblock_section av-1wmgu6-7c1b6af7471a7478aa6dd53863ddb75c '   itemscope=\"itemscope\" itemtype=\"https:\/\/schema.org\/CreativeWork\" ><div class='avia_textblock'  itemprop=\"text\" ><p>T\u00fcm yasal izinler ile standartlara sahip olan \u00c7a\u011fsan Grup Paketleme Tesislerinde, markan\u0131za \u00f6zel etiket ve ambalajla \u00fcretim ger\u00e7ekle\u015ftirmekteyiz.<\/p>\n<\/div><\/section><\/div>\n<style type=\"text\/css\" data-created_by=\"avia_inline_auto\" id=\"style-css-av-1tgzym-df66c0d7fd5ce9c79d7c7473dd1f2cd8\">\n#top .flex_column.av-1tgzym-df66c0d7fd5ce9c79d7c7473dd1f2cd8{\nmargin-top:0px;\nmargin-bottom:0px;\n}\n.flex_column.av-1tgzym-df66c0d7fd5ce9c79d7c7473dd1f2cd8{\nborder-radius:0px 0px 0px 0px;\npadding:0px 0px 0px 0px;\n}\n.responsive #top #wrap_all .flex_column.av-1tgzym-df66c0d7fd5ce9c79d7c7473dd1f2cd8{\nmargin-top:0px;\nmargin-bottom:0px;\n}\n<\/style>\n<div  class='flex_column av-1tgzym-df66c0d7fd5ce9c79d7c7473dd1f2cd8 av_one_half  avia-builder-el-6  el_after_av_one_half  avia-builder-el-last  flex_column_div av-animated-generic bottom-to-top av-zero-column-padding  column-top-margin'     ><section  class='av_textblock_section av-5iv26-e6d82a3402415b60b55580b7104d3917 '   itemscope=\"itemscope\" itemtype=\"https:\/\/schema.org\/CreativeWork\" ><div class='avia_textblock'  itemprop=\"text\" ><p>Kendi markas\u0131n\u0131 olu\u015fturmak ve fabrika, tesisler, lojistik, hammadde gibi bir \u00e7ok masraf\u0131 yapmadan sadece pazarlama ve markas\u0131na odaklanmak isteyenler i\u00e7in \u00f6zel etiketiniz ve markan\u0131zla \u00fcretim ger\u00e7ekle\u015ftirmektetiz.<\/p>\n<\/div><\/section><\/div><\/p>\n","protected":false},"excerpt":{"rendered":"","protected":false},"author":1,"featured_media":0,"parent":25,"menu_order":0,"comment_status":"closed","ping_status":"closed","template":"","meta":{"footnotes":""},"class_list":["post-142","page","type-page","status-publish","hentry"],"_links":{"self":[{"href":"https:\/\/cagsangrup.com\/index.php\/wp-json\/wp\/v2\/pages\/142","targetHints":{"allow":["GET"]}}],"collection":[{"href":"https:\/\/cagsangrup.com\/index.php\/wp-json\/wp\/v2\/pages"}],"about":[{"href":"https:\/\/cagsangrup.com\/index.php\/wp-json\/wp\/v2\/types\/page"}],"author":[{"embeddable":true,"href":"https:\/\/cagsangrup.com\/index.php\/wp-json\/wp\/v2\/users\/1"}],"replies":[{"embeddable":true,"href":"https:\/\/cagsangrup.com\/index.php\/wp-json\/wp\/v2\/comments?post=142"}],"version-history":[{"count":3,"href":"https:\/\/cagsangrup.com\/index.php\/wp-json\/wp\/v2\/pages\/142\/revisions"}],"predecessor-version":[{"id":579,"href":"https:\/\/cagsangrup.com\/index.php\/wp-json\/wp\/v2\/pages\/142\/revisions\/579"}],"up":[{"embeddable":true,"href":"https:\/\/cagsangrup.com\/index.php\/wp-json\/wp\/v2\/pages\/25"}],"wp:attachment":[{"href":"https:\/\/cagsangrup.com\/index.php\/wp-json\/wp\/v2\/media?parent=142"}],"curies":[{"name":"wp","href":"https:\/\/api.w.org\/{rel}","templated":true}]}}